s -399 - -51411?
51012
In base 7, what is -214 + 463032?
462515
In base 11, what is 1 - -9a0a?
9a10
In base 12, what is -80a - 20894?
-214a2
In base 14, what is 3848 + 170?
39b8
In base 10, what is 15 + -1529868?
-1529853
In base 2, what is -10100101011 + -1000100000101?
-1011000110000
In base 12, what is 6a26739 - 19?
6a26720
In base 8, what is 1016 + -351370?
-350352
In base 7, what is 3462 - 10122201?
-10115406
In base 8, what is -3 - -147535473?
147535470
In base 16, what is -27f0eac7 + 5?
-27f0eac2
In base 13, what is 49a5 - 135?
4870
In base 11, what is 626 + -440531?
-43aa06
In base 13, what is -350c79804 - -2?
-350c79802
In base 3, what is -101122002210010 - -11?
-101122002202222
In base 7, what is 2330 + 1362666?
1365326
In base 6, what is -1035034441 + 0?
-1035034441
In base 9, what is -17530 - 317?
-17847
In base 10, what is -2023 - -27023?
25000
In base 6, what is -4012300 + -102?
-4012402
In base 2, what is 10101 + 10110101110110000000?
10110101110110010101
In base 13, what is 1 + a02a824?
a02a825
In base 7, what is -15046665 + -3342?
-15053340
In base 12, what is a9a1 - 33b7?
75a6
In base 12, what is 43 + 448248?
44828b
In base 6, what is 550433 + 4002?
554435
In base 13, what is 14 + -108052?
-10803b
In base 14, what is 664 - -2787?
300b
In base 2, what is -1101111001 - -1110000011100?
1100010100011
In base 16, what is -2589 + 2e5d?
8d4
In base 7, what is -10225363 - 4?
-10225400
In base 13, what is -5771 + 9548?
3aa7
In base 9, what is 3 + 332306712?
332306715
In base 4, what is -23 - -21303133321?
21303133232
In base 5, what is 13344433 - -24032?
13424020
In base 9, what is 3 - 5422413?
-5422410
In base 13, what is 2 + 2777269?
277726b
In base 6, what is 4453054 + -21?
4453033
In base 16, what is 10a - 2279?
-216f
In base 10, what is 190466949 - 0?
190466949
In base 4, what is -1 + 2332313203?
2332313202
In base 16, what is 1c7 - -2883d?
28a04
In base 4, what is 12210220 - -30232?
12301112
In base 6, what is -150 - -23112321?
23112131
In base 2, what is -1110011101011010110 + -11001?
-1110011101011101111
In base 9, what is 6 + -655077?
-655071
In base 2, what is -11101011110111010 + -1011010?
-11101100000010100
In base 6, what is 25131111 + 5?
25131120
In base 7, what is -4 + 26461115?
26461111
In base 4, what is 110230020131212 - 2?
110230020131210
In base 13, what is 1032 + a1?
1103
In base 7, what is 3 + 124032506?
124032512
In base 6, what is 1220301035 + 3?
1220301042
In base 13, what is 93b96 + 16?
93bac
In base 8, what is -22 - 1042130?
-1042152
In base 6, what is -131014312 + -2?
-131014314
In base 8, what is 220442613 - 1?
220442612
In base 13, what is -40 - 109cb8?
-10a028
In base 12, what is 6 - 131b431?
-131b427
In base 7, what is 225505 + 143?
225651
In base 2, what is -10111 - -110100010110110101001?
110100010110110010010
In base 11, what is 2a1 - 629093?
-6288a2
In base 14, what is -a2 - -71c19?
71b57
In base 4, what is -232220312 - -31232?
-232123020
In base 7, what is -234 + -15012230?
-15012464
In base 6, what is -3 + 34135112140?
34135112133
In base 2, what is 11000010 - -100010001001?
100101001011
In base 7, what is -11 + -210626642?
-210626653
In base 9, what is 43234 + -2356?
40767
In base 5, what is 1044332423 - -3?
1044332431
In base 2, what is 11001100011100000 + -10000100?
11001100001011100
In base 6, what is 340410031 + -4?
340410023
In base 10, what is 113881 - -373?
114254
In base 8, what is -13020642 + 4?
-13020636
In base 8, what is -125 - 32472?
-32617
In base 4, what is 131001302 - -2?
131001310
In base 3, what is 10 + 1000122212001110010?
1000122212001110020
In base 5, what is 1 - -12120303243?
12120303244
In base 15, what is 331957e9 + -3?
331957e6
In base 7, what is -31651143 - -112?
-31651031
In base 5, what is -32242 - -12142?
-20100
In base 12, what is 132 - -1608201?
1608333
In base 8, what is 2 - -2003444?
2003446
In base 10, what is 152 + 5802650?
5802802
In base 12, what is 262a3516 + -2?
262a3514
In base 5, what is -3001034342 + -12?
-3001034404
In base 10, what is 3216520 + 2?
3216522
In base 4, what is 11 - -1210221113112?
1210221113123
In base 9, what is -3 - -357270?
357266
In base 16, what is a - -f59?
f63
In base 12, what is -6 + -2a5146a6?
-2a5146b0
In base 16, what is c3f + -30?
c0f
In base 10, what is -12353693 + 4?
-12353689
In base 7, what is -312131115 + 24?
-312131061
In base 8, what is 3533246 + -22?
3533224
In base 14, what is -1804 - -1876?
72
In base 3, what is 101220000 + -1100011?
100112212
In base 8, what is 67656 - 267?
67367
In base 2, what is -100111000100000001 + 1010001?
-100111000010110000
In base 16, what is -1b7344 + -8?
-1b734c
In base 13, what is 6 - -137a5b9?
137a5c2
In base 4, what is 2 - 33212213210?
-33212213202
In base 16, what is 54 + 20615?
20669
In base 13, what is -1b9 + -116c2?
-118ab
In base 16, what is -16767923 - -2?
-16767921
In base 13, what is -2698237 + 4?
-2698233
In base 13, what is 27 - -18b771?
18b798
In base 12, what is 3 + -1058956?
-1058953
In base 14, what is -140 + 585?
445
In base 11, what is -730 - -13765?
13035
In base 8, what is 317 + -1723334?
-1723015
In base 3, what is 121120101 - 1000202?
120112122
In base 2, what is -11111010111000100001101 - 100?
-11111010111000100010001
In base 16, what is -33e2bba4 + -2?
-33e2bba6
In base 16, what is -29038e - 7?
-290395
In base 16, what is -359 + 33a9?
3050
In base 11, what is -2 + -460a3235?
-460a3237
In base 12, what is 12 + 7aa7885?
7aa7897
In base 2, what is -100011101101001010 + -111111010?
-100011110101000100
In base 3, what is 12 + 1112021020222211?
1112021021000000
In base 13, what is 5 + -2bcaa14?
-2bcaa0c
In base 5, what is -130420203000 - 21?
-130420203021
In base 8, what is -4 - -1314222?
1314216
In base 15, what is 13c4 - 956?
96d
In base 6, what is -32434 - -2235153?
2202315
In base 16, what is -28150 + f7?
-28059
In base 14, what is -d4 - 3a7?
-49b
In base 8, what is 210172 + -3166?
205004
In base 13, what is -20c6c + 4b9?
-20783
In base 5, what is 1 - -4133142114?
4133142120
In base 11, what is 10667 - 1364?
a303
In base 10, what is 1417 + 6475?
7892
In base 4, what is -1211100302003 - -1?
-1211100302002
In base 9, what is 3744 + 5203?
10047
In base 16, what is -149b3 - 13c?
-14aef
In base 2, what is 100100101111101111011010101 - 1100?
100100101111101111011001001
In base 9, what is 73161632 - -12?
73161644
In base 5, what is -1330 - 24132?
-31012
In base 3, what is -1101220 + -21202012?
-100011002
In base 15, what is -12 + 2e4674d?
2e4673b
In base 3, what is -121021 - 1011220012?
-1012111110
In base 10, what is 19354 + -308?
19046
In base 8, what is 1 - 5466151?
-5466150
In base 11, what is -8554657 - -5?
-8554652
In base 5, what is 23241404403 + 0?
23241404403
In base 16, what is 3911 + 147b?
4d8c
In base 16, what is 15c5d81 + 16?
15c5d97
In base 6, what is -3004033 + 113?
-3003520
In base 14, what is 282 - -197536?
1977b8
In base 7, what is -541 + -1304145?
-1305016
In base 5, what is -13243320304044 - 2?
-13243320304101
In base 6, what is -33 - 500551322?
-500551355
In base 5, what is 0 - 1031212332?
-1031212332
In base 15, what is 5 - -18ec07d?
18ec083
In base 16, what is 39192 - -45?
391d7
In base 6, what is -100052111 + 13?
-100052054
In base 10, what is 17781984 + -4?
17781980
In base 16, what is c3a11 - -4f?
c3a60
In base 5, what is 303211222 - 23?
303211144
In base 14, what is 191a035d - 3?
191a035a
In base 11, what is 4502894 - -4?
4502898
In base 12, what is -66a5 - 72a?
-7213
In base 11, what is -13a3a - -2966?
-11084
In base 5, what is 3 - 2234121432?
-2234121424
In base 9, what is 4 - -367587226?
367587231
In base 2, what is 110000000 - 1001011110110111001?
-1001011110000111001
In base 5, what is -424234 - 12420?
-442204
In base 4, what is -1030 - -102112121?
102111031
In base 6, what is -15 - -24425001?
24424542
In base 13, what is 53a64 + -a6?
5398b
In base 8, what is -14331453407 + 1?
-14331453406
In base 4, what is 2132122 + -1020022?
1112100
In base 3, what is -11 - -10120221220220100?
10120221220220012
In base 4, what is 1002 + -3103211203?
-3103210201
In base 5, what is 34201 + -104244?
-20043
In base 7, what is 3221114 + 44?
3221161
In base 3, what is -20001010000 - 11100?
-20001021100
In base 5, what is -30022024 + -22231?
-30044310
In bas